{"id":17,"date":"2015-08-03T14:52:01","date_gmt":"2015-08-03T13:52:01","guid":{"rendered":"http:\/\/www.juliebessard.com\/wp\/?page_id=17"},"modified":"2023-10-04T16:22:48","modified_gmt":"2023-10-04T15:22:48","slug":"medias","status":"publish","type":"page","link":"https:\/\/juliebessard.com\/fr\/medias\/","title":{"rendered":"M\u00e9dias"},"content":{"rendered":"<h1>M\u00e9dias<\/h1>\n<hr \/>\n<p class=\"p1\"><span class=\"s1\"><div class=\"su-accordion su-u-trim\"><\/span><\/p>\n<p class=\"p1\"><span class=\"s1\"><div class=\"su-spoiler su-spoiler-style-default su-spoiler-icon-plus su-spoiler-closed\" data-scroll-offset=\"0\" data-anchor-in-url=\"no\"><div class=\"su-spoiler-title\" tabindex=\"0\" role=\"button\"><span class=\"su-spoiler-icon\"><\/span>Articles et entretiens<\/div><div class=\"su-spoiler-content su-u-clearfix su-u-trim\"><\/span><\/p>\n<ul>\n<li><em>\u00ab&nbsp;La peinture en \u00e9clats&nbsp;\u00bb de Julie Bessard<\/em>, article de Roland Sabra, Madinin\u2019Art, 2019.<br \/>\n<a href=\"https:\/\/www.madinin-art.net\/la-peinture-en-eclats-de-julie-bessard\/\" target=\"_blank\" rel=\"noopener noreferrer\">Lire l\u2019article sur le site de Madinin\u2019Art<\/a> \/ <a href=\"\/wp-content\/uploads\/2020\/09\/article-madininart-clement.pdf\" target=\"_blank\" rel=\"noopener\">T\u00e9l\u00e9charger au format\u00a0pdf<\/a><\/li>\n<li><em>L&rsquo;art est souvent une mani\u00e8re de supporter le monde<\/em>, entretien avec Virginie Andriamirado, revue Africultures, 2008.<br \/>\n<a href=\"\/wp-content\/uploads\/2016\/04\/africultures-2008.pdf\" target=\"_blank\" rel=\"noopener\">T\u00e9l\u00e9charger au format\u00a0pdf<\/a><\/li>\n<li><em>L&rsquo;exposition Animal au Mus\u00e9e Dapper<\/em>, entretien avec Christiane Falgayrettes-Leveau, Directrice, revue Gradhiva, d&rsquo; anthropologie et d&rsquo;histoire des Arts,\u00a02008.<br \/>\n<a href=\"\/wp-content\/uploads\/2016\/04\/gradhiva-2008.pdf\" target=\"_blank\" rel=\"noopener\">T\u00e9l\u00e9charger au format pdf<\/a><\/li>\n<li><em>Dans le grand bal de la cr\u00e9ation<\/em>, article de Dominique Brebion, revue Artheme,\u00a02000.<br \/>\n<a href=\"\/wp-content\/uploads\/2016\/04\/artheme-2000.pdf\" target=\"_blank\" rel=\"noopener\">T\u00e9l\u00e9charger au format pdf<\/a><\/li>\n<li><em>Utopies<\/em>, entretien avec Jean Marie-Louise, critique d&rsquo;Art, revue Recherche en Esth\u00e9tique,\u00a02005.<br \/>\n<a href=\"\/wp-content\/uploads\/2016\/04\/recherche-en-esthetique.pdf\" target=\"_blank\" rel=\"noopener\">T\u00e9l\u00e9charger au format pdf<\/a><\/li>\n<li><em>Incommencements, m\u00e9ditations aupr\u00e8s de Julie Bessard<\/em>, texte de Patrick Chamoiseau, catalogue de l&rsquo;exposition\u00a0Animal, Ed Dapper,\u00a02008.<br \/>\n<a href=\"\/wp-content\/uploads\/2016\/04\/incommencements-chamoiseau.pdf\" target=\"_blank\" rel=\"noopener\">T\u00e9l\u00e9charger au format pdf<\/a><\/li>\n<\/ul>\n<p class=\"p1\"><span class=\"s1\"><\/div><\/div><\/span><\/p>\n<p><span class=\"s1\"><div class=\"su-spoiler su-spoiler-style-default su-spoiler-icon-plus su-spoiler-closed\" data-scroll-offset=\"0\" data-anchor-in-url=\"no\"><div class=\"su-spoiler-title\" tabindex=\"0\" role=\"button\"><span class=\"su-spoiler-icon\"><\/span>Films<\/div><div class=\"su-spoiler-content su-u-clearfix su-u-trim\"><\/span><\/p>\n<ul>\n<li><em>Artistes en Archipel<\/em>, r\u00e9alisation Pascal Bailleul, production Martinique Premi\u00e8re \/ films du DORLIS, 2018<\/li>\n<li><em>Mondes emport\u00e9s<\/em>, r\u00e9alisation Pascal Bailleul, 2004.<\/li>\n<li><em>Jacqueline, Nadine et Julie, artistes antillaises<\/em>, r\u00e9alisation Claude Bago\u00eb, production T\u00e9l\u00e9ma, 1995.<\/li>\n<\/ul>\n<p><span class=\"s1\"><\/div><\/div><\/span><\/p>\n<p><span class=\"s1\"><\/div><\/span><\/p>","protected":false},"excerpt":{"rendered":"<p>M\u00e9dias<\/p>","protected":false},"author":1,"featured_media":0,"parent":0,"menu_order":0,"comment_status":"closed","ping_status":"closed","template":"","meta":{"footnotes":""},"class_list":["post-17","page","type-page","status-publish","hentry"],"_links":{"self":[{"href":"https:\/\/juliebessard.com\/fr\/wp-json\/wp\/v2\/pages\/17","targetHints":{"allow":["GET"]}}],"collection":[{"href":"https:\/\/juliebessard.com\/fr\/wp-json\/wp\/v2\/pages"}],"about":[{"href":"https:\/\/juliebessard.com\/fr\/wp-json\/wp\/v2\/types\/page"}],"author":[{"embeddable":true,"href":"https:\/\/juliebessard.com\/fr\/wp-json\/wp\/v2\/users\/1"}],"replies":[{"embeddable":true,"href":"https:\/\/juliebessard.com\/fr\/wp-json\/wp\/v2\/comments?post=17"}],"version-history":[{"count":27,"href":"https:\/\/juliebessard.com\/fr\/wp-json\/wp\/v2\/pages\/17\/revisions"}],"predecessor-version":[{"id":714,"href":"https:\/\/juliebessard.com\/fr\/wp-json\/wp\/v2\/pages\/17\/revisions\/714"}],"wp:attachment":[{"href":"https:\/\/juliebessard.com\/fr\/wp-json\/wp\/v2\/media?parent=17"}],"curies":[{"name":"wp","href":"https:\/\/api.w.org\/{rel}","templated":true}]}}

Médias

<h1>Médias</h1>
<hr />
<p class="p1"><span class="s1"><div class="su-accordion su-u-trim"></span></p>
<p class="p1"><span class="s1"><div class="su-spoiler su-spoiler-style-default su-spoiler-icon-plus su-spoiler-closed" data-scroll-offset="0" data-anchor-in-url="no"><div class="su-spoiler-title" tabindex="0" role="button"><span class="su-spoiler-icon"></span>Articles et entretiens</div><div class="su-spoiler-content su-u-clearfix su-u-trim"></span></p>
<ul>
<li><em>«&nbsp;La peinture en éclats&nbsp;» de Julie Bessard</em>, article de Roland Sabra, Madinin’Art, 2019.<br />
<a href="https://www.madinin-art.net/la-peinture-en-eclats-de-julie-bessard/" target="_blank" rel="noopener noreferrer">Lire l’article sur le site de Madinin’Art</a> / <a href="/wp-content/uploads/2020/09/article-madininart-clement.pdf" target="_blank" rel="noopener">Télécharger au format pdf</a></li>
<li><em>L&rsquo;art est souvent une manière de supporter le monde</em>, entretien avec Virginie Andriamirado, revue Africultures, 2008.<br />
<a href="/wp-content/uploads/2016/04/africultures-2008.pdf" target="_blank" rel="noopener">Télécharger au format pdf</a></li>
<li><em>L&rsquo;exposition Animal au Musée Dapper</em>, entretien avec Christiane Falgayrettes-Leveau, Directrice, revue Gradhiva, d&rsquo; anthropologie et d&rsquo;histoire des Arts, 2008.<br />
<a href="/wp-content/uploads/2016/04/gradhiva-2008.pdf" target="_blank" rel="noopener">Télécharger au format pdf</a></li>
<li><em>Dans le grand bal de la création</em>, article de Dominique Brebion, revue Artheme, 2000.<br />
<a href="/wp-content/uploads/2016/04/artheme-2000.pdf" target="_blank" rel="noopener">Télécharger au format pdf</a></li>
<li><em>Utopies</em>, entretien avec Jean Marie-Louise, critique d&rsquo;Art, revue Recherche en Esthétique, 2005.<br />
<a href="/wp-content/uploads/2016/04/recherche-en-esthetique.pdf" target="_blank" rel="noopener">Télécharger au format pdf</a></li>
<li><em>Incommencements, méditations auprès de Julie Bessard</em>, texte de Patrick Chamoiseau, catalogue de l&rsquo;exposition Animal, Ed Dapper, 2008.<br />
<a href="/wp-content/uploads/2016/04/incommencements-chamoiseau.pdf" target="_blank" rel="noopener">Télécharger au format pdf</a></li>
</ul>
<p class="p1"><span class="s1"></div></div></span></p>
<p><span class="s1"><div class="su-spoiler su-spoiler-style-default su-spoiler-icon-plus su-spoiler-closed" data-scroll-offset="0" data-anchor-in-url="no"><div class="su-spoiler-title" tabindex="0" role="button"><span class="su-spoiler-icon"></span>Films</div><div class="su-spoiler-content su-u-clearfix su-u-trim"></span></p>
<ul>
<li><em>Artistes en Archipel</em>, réalisation Pascal Bailleul, production Martinique Première / films du DORLIS, 2018</li>
<li><em>Mondes emportés</em>, réalisation Pascal Bailleul, 2004.</li>
<li><em>Jacqueline, Nadine et Julie, artistes antillaises</em>, réalisation Claude Bagoë, production Téléma, 1995.</li>
</ul>
<p><span class="s1"></div></div></span></p>
<p><span class="s1"></div></span></p>

<p>Médias</p>
